8))*g/256. What are the prime factors of 6/i - (-2930)/22?
7, 19
Suppose 5 = 5*s + 30. Let n be (s/2)/(-5)*550. Let d = n + -42. List the prime factors of d.
233
List the prime factors of ((-65366)/(-686))/(6/679) - 3/18.
41, 263
Let r = 91 + -176. Let t be 138/115*(-385)/(-3). Let u = r + t. List the prime factors of u.
3, 23
Let f(i) = -110*i - 15. Let g be f(-2). Suppose 3*y - 8*y + g = 0. Suppose -s - 271 = -3*w, -y = -2*w + 2*s + 137. What are the prime factors of w?
7, 13
Let l be (-4 - (-240)/(-9))/((-4)/6). Let d = l - 31. What are the prime factors of ((20/16)/(-5) + d)*4?
59
Let w = -128749 - -182783. List the prime factors of w.
2, 27017
Let w(l) be the second derivative of 7*l**4/4 - l**3/6 - 10*l**2 - 69*l. List the prime factors of w(6).
2, 5, 73
Let y be 24/(-10)*260/39. List the prime factors of (33 - -1)*-292*2/y.
17, 73
Let t(f) = -85*f - 38. Let a(u) = -42*u - 19. Let z(y) = -10*a(y) + 6*t(y). What are the prime factors of z(-3)?
2, 29
Let y(g) = 9*g**2 + 19*g - 54. Suppose -4*i = -2*z + 46, 2*i + 75 = 22*z - 17*z. What are the prime factors of y(z)?
2, 857
Suppose -4262 + 129 = i - 2*i. List the prime factors of i.
4133
Let j be 6/(-4) - (-4860)/24. Suppose -3*q + 2*q = -j. List the prime factors of q.
3, 67
Let u(m) = -2*m**3 + m**2 + 2*m - 1. Let w be u(-2). Let q be (-420)/(-2) + (12 - w). Suppose -z + q = 55. List the prime factors of z.
2, 19
Let u(j) = 8*j**2 - 22 + 4*j**2 + 3*j**2 - 16*j**2 - 15*j. Let t be u(-13). Suppose -2*a - 2*b + 228 = 0, -3*a + t*b + 312 = 5. List the prime factors of a.
109
Let i(t) = 159*t**2 + 123*t + 28. What are the prime factors of i(-7)?
2, 7, 71
Let z(h) be the third derivative of h**4/12 + h**3/2 - 56*h**2. What are the prime factors of z(33)?
3, 23
What are the prime factors of (4 - 4 - -43)/((-2)/(-172))?
2, 43
Suppose 143 = 4*w - 3*s, -12*s + 175 = 5*w - 17*s. Suppose 32*b - w*b + 2766 = 0. What are the prime factors of b?
461
Let h(r) = 7*r**3 - 13*r**2 + 4*r - 17. Let m be ((-8)/6)/(17/(1224/(-16))). List the prime factors of h(m).
1051
Let u(x) = -x**2 - 7*x + 4. Let y be (((-9)/12)/((-2)/16))/(-1). Let i be u(y). Let s = i - 3. What are the prime factors of s?
7
Let s(a) be the second derivative of 34*a - 2/3*a**3 + 0 + 1/4*a**4 + 2*a**2. What are the prime factors of s(-9)?
283
Let q(v) = 103*v**3 + 0*v - 15*v**2 + 4 + 6 - v - 97*v**3 + 2. List the prime factors of q(6).
2, 3, 127
Let a(c) be the third derivative of c**6/120 - c**5/6 - 5*c**4/12 + 8*c**3/3 + 58*c**2. List the prime factors of a(11).
3
Suppose 4*j - 13 + 29 = 0. Let o be (-16)/(5*j/(-40)). What are the prime factors of 2/(-3)*12624/o?
263
Suppose 0 = -10*m - 4*m + 98. Suppose 2*o - 1039 = -3*y, -4*y + 12*o + 1370 = m*o. What are the prime factors of y?
3, 5, 23
List the prime factors of 20/(-6) + 4/(-18)*3 + 7080.
2, 29, 61
Suppose 19 = 5*s + 9. Suppose 19 - 5 = s*b. List the prime factors of b/(-42) - (-331)/6.
5, 11
Suppose 3*a - v - 18 - 45 = 0, -2*v = 2*a - 34. Let r be (-1)/(-5) + 1676/a. Let p = r + -26. List the prime factors of p.
2, 29
Let t be (1*-6)/((-6)/12). Let p be ((-49)/3)/((-4)/t). Let i = -26 + p. List the prime factors of i.
23
List the prime factors of 1/4 + (-276253)/(-92).
3, 7, 11, 13
Let v = 783 - 774. What are the prime factors of (v + 32/(-3))*-1035?
3, 5, 23
Let p = 18403 - 12710. What are the prime factors of p?
5693
Suppose -4*b = 3*n - 74, 9*n - 10 = 4*n. Let p(s) = 2*s**3 - 2*s**2 - 11*s - 2. Let i be p(3). List the prime factors of (20/10)/(i/b).
2, 17
Suppose -51*x = -46*x - 2295. Suppose 71*a + x = 74*a. List the prime factors of a.
3, 17
Let g(u) = -34*u**2 + 13*u + 9. Let a be g(9). Let m = -1196 - a. List the prime factors of m.
2, 179
Suppose 0 = -o + 8*o - 133. Let q(f) = 15 + 7 - o + 38*f. List the prime factors of q(6).
3, 7, 11
Let x(v) = -18*v - 221 + 169 + 54*v. List the prime factors of x(22).
2, 5, 37
Suppose 79*i + 49*i - 2068992 = 0. List the prime factors of i.
2, 3, 449
Suppose 0 = 29*h - 16706 + 988. What are the prime factors of h?
2, 271
Let j be 21/(-49) + (-404)/(-28). Suppose -2*c + 3 = y, 4*y = c - 19 - j. List the prime factors of 278/(-10)*(y + 2).
139
Suppose 4978 + 32350 = 2*d + 4*m, -d + 18649 = -m. List the prime factors of d.
2, 3, 3109
Suppose -5*l - 49 = -19. What are the prime factors of 782 + 2/(12/l) + -4?
3, 7, 37
Let g(j) = -39*j**3 + 11*j**2 + 8*j + 6. List the prime factors of g(-4).
2, 3, 7
Let t be (1/(-2))/(26/1248). Let g = -14 - t. Suppose 4*j = -g*j + 2100. List the prime factors of j.
2, 3, 5
Let l be 29 + -25 - (1 - -3). Suppose l = -19*b + 18229 - 7494. What are the prime factors of b?
5, 113
Let a(l) = 2*l**2 - 200*l - 3976. List the prime factors of a(152).
2, 3, 17, 29
List the prime factors of -11 + 37 + -37 - 66828/(-2).
33403
Let y(x) = x**3 + 7*x**2 - x - 4. Let l be y(-7). Suppose -2*u = 2*w - 10, -l*w + 5*u = w - 65. List the prime factors of (-242)/(-4) + ((-15)/w - -1).
2, 3, 5
What are the prime factors of 3*(-26330)/(-15)*-4*11/(-88)?
2633
Suppose 3*h - 38 = -26. Suppose -2*q - h*o = -4*q + 1670, 0 = q + o - 850. List the prime factors of q.
5, 13
Let n(o) = 3*o**2 + 9*o + 18. Let t be n(-4). Suppose 6517 = t*w - 11*w. What are the prime factors of w?
7
Suppose 3*a - 5*t = -5, -2*a + 3*t = -3 + 6. Suppose a = -3*x + 409 - 91. List the prime factors of x.
2, 53
Let z be -5*36/(-1 + (-13)/2). Let i = z - 38. What are the prime factors of ((-231)/i)/(1/14)?
3, 7, 11
Let b(p) = p**3 + 10*p**2 + 3*p + 25. Let o be b(-10). Let v = o + 10. Suppose v*k - 176 - 925 = -2*d, -5*k = 5*d - 1110. What are the prime factors of k?
3, 73
Let c(m) = 3*m**3 + 9*m**2 - 68*m - 147. List the prime factors of c(11).
53, 79
Let p(g) = 24*g**2 - 16*g + 61. Let n be p(6). Suppose 0 = -d - 4*s + 527, -2*d - 2*s + n = -243. What are the prime factors of d?
7, 11
Let h(k) = 56*k + 1. Let n be h(-1). Let y be 93*(480/(-18))/20. Let l = n - y. List the prime factors of l.
3, 23
Let n(v) be the second derivative of -1/12*v**4 + 0*v**3 + 0*v**2 + 0 + v + 1/20*v**5. What are the prime factors of n(2)?
2
Suppose -1726 - 3668 = -2*i. Suppose 39*m = 8*m + i. List the prime factors of m.
3, 29
Let t = -62 + 13. Let c be (120/(-7))/((-7)/t). Let s = -79 - c. What are the prime factors of s?
41
Suppose -5*i + 3*i + 6088 = -o, -25 = -5*i. What are the prime factors of 16/104 - o/39?
2, 3, 13
Suppose -5*j + 7 = -3. Suppose 2*t - 26 = -4*d, -4*t + 2 = -2*t. List the prime factors of (j - 261/d)*(-3 - -1).
83
What are the prime factors of ((-83154)/20 - (-4)/(-5))*(1 + -3)?
8317
Let k = -22199 - -40501. List the prime factors of k.
2, 9151
Let r(p) be the first derivative of -11*p**2/2 + 5*p + 40. Let s be (4/(-8))/(2/24). What are the prime factors of r(s)?
71
Let q = -147 + 146. List the prime factors of 49/147 - ((-1172)/3 - q).
2, 3, 5, 13
Let r(b) = 8*b**2 - 28*b + 170. What are the prime factors of r(5)?
2, 5, 23
Suppose -5*o = -4*q - 3, -6 = -o - 4*q + 3*q. Suppose 42 = 4*t + 5*s - 15, -s - o = 0. What are the prime factors of (-3 - (28 - -1))*t/(-8)?
2, 3
Let b be (-979)/(-77) - (-4)/14. Let m(o) = o**2 - 15*o + 24. Let t be m(b). List the prime factors of -6 + 4 + 30/2 + t.
11
Let p(a) = 4853*a - 4326. List the prime factors of p(7).
5, 7, 11
Suppose -91970 + 19673 - 79659 = -54*u. What are the prime factors of u?
2, 3, 7, 67
Suppose -8*r + 16 = -56. What are the prime factors of r*(7 - 1148/(-21))?
3, 5, 37
Let p be 357 + (3 - (-1 - -3)). Suppose 0 = -g + p + 1658. What are the prime factors of (-2)/5 + (g/15 - -1)?
3, 5
Let c(q) = -q**2 - 2*q + 15. Let l be c(0). List the prime factors of 239 + 5*6/l.
241
List the prime factors of 8/6*977415/170.
2, 3833
Suppose -3*m - 11*m = m. Suppose m = -5*b - g + 4435, 5*b = -g - g + 4440. What are the prime factors of b?
2, 443
Suppose 9*j - 16 = -25. Let k = j + 11. Suppose -k*o + 960 = -4*o. List the prime factors of o.
2, 5
Let g = -19976 + 22964. List the prime factors of g.
2, 3, 83
Let h = 33 - 17. Suppose 6*j = 4*p + 2*j + h, 0 = 3*p + 4*j - 2. List the prime factors of 12 + -15 + 88 + p.
83
List the prime factors of (-2 + (-994)/8)/((-77)/5544).
2, 3, 5, 101
Suppose 2*r = 4*i - 103724, -60*i = -59*i - 2*r - 25940. What are the prime factors of i?
2, 7, 463
Let k(z) = -901*z + 4704. What are the pr